z) = -z**2 + 6*z + 7. Let p(m) = m + 27. Suppose 0 = -6*x - 129 + 9. Let l be p(x). Suppose l*o = -3 + 45. What is c(o)?
7
Suppose -3*s + 7 = 4*p, 0*s - 25 = -3*s + 5*p. Let u(b) = -34*b - 9. Let g(x) = -535*x - 144. Let f(l) = 4*g(l) - 63*u(l). Determine f(s).
1
Suppose -2*x + 36 = 4*n - 2*n, 4*x - 72 = 4*n. Suppose 0 = 18*j - 15*j - x. Let i(v) = -v**3 + 5*v**2 + 2*v + 7. Give i(j).
-17
Let v = 16 + -13. Let o(p) = -p**3 + 4*p**2 - 2*p - 1. Let f be o(v). Let a(l) = 2*l**f - 6*l**2 - 57 + l**3 + 58 - 6*l. What is a(5)?
-4
Let w(x) be the first derivative of 6*x**2 - 48*x + 2231. What is w(6)?
24
Let u be (-10 - -2)/(-4)*2. Suppose 0 = i + 4*j - 7, -4*i - j - u*j + 17 = 0. Suppose 5*x + 15 = 4*k, 6*x + i = 2*x + 5*k. Let c(b) = b + 8. Determine c(x).
1
Let l(x) = -4*x**3 + 2*x**2 - 1. Let k be l(1). Let i be -1 - (18/3)/(-2). Let j(o) = -4 + 4*o**3 + 2*o**2 + 2*o + 3*o**i - 3*o**3. Determine j(k).
8
Let f(u) = 23*u - 34*u - u**2 + 8 + 20*u - 2. Let c(r) = r**2 + 19*r - 17. Let h be c(-20). Suppose 21*n - 144 = h*n. Calculate f(n).
14
Let d(q) = -3*q - 2. Let p be (-3 - 0) + -3 + 4. Let r(b) = 4*b + 2. Let l(k) = p*r(k) - 3*d(k). Determine l(-2).
0
Let d(h) be the third derivative of -2*h**2 + 0*h - 11 - 5/2*h**3 + 1/24*h**4. What is d(7)?
-8
Let t(l) = -3 - 6*l + 2*l + 2*l. Let b be (-105)/(-15) + 1 + 1. Let n = b + -11. What is t(n)?
1
Let f = -2460 + 2458. Let k(b) = -8*b**3 - 14*b**2 + b - 1. Determine k(f).
5
Let n(u) = u**2 + 6*u + 5. Let c = -516 - -440. Let v = 71 + c. Give n(v).
0
Let z(s) be the second derivative of -11*s**5/10 - s**3/6 + s**2/2 - 5*s - 742. Calculate z(1).
-22
Let j(i) = -6*i**2 + 13*i - 6. Let d(v) = v**2 - v + 1. Let r(p) = -5*d(p) - j(p). Suppose -60*o = -555 + 135. Determine r(o).
-6
Let j(z) = -15*z**3 - 45*z**2 + 35*z - 1. Let v(i) = -7*i**3 - 22*i**2 + 16*i - 3. Let c(l) = -6*j(l) + 13*v(l). Calculate c(-16).
-1
Let s(n) = 11*n - 524. Let j(r) = 4*r - 189. Let q(a) = -17*j(a) + 6*s(a). Give q(35).
-1
Suppose -6*i - 23 = 1. Let q be (-35)/(-21) + (-1010)/(-6). Let x(m) = -m + 170 - q. Calculate x(i).
4
Suppose -2*s = -4*m - 36, 2*s + 26 = 3*s - 4*m. Let w(x) = -s*x - 17*x + 29*x. Calculate w(-9).
-18
Let x(s) = -29*s - 13 - 10*s**2 + 34*s**2 - 12*s**2 - 7*s**2. Determine x(6).
-7
Let m(l) = -l**2 - 5*l + 18. Let u be (-1 - (-24)/15) + 417/5. Let b = -92 + u. Calculate m(b).
-6
Let s = 17 + -11. Suppose s = 5*n - 4. Let v(i) = 0 + 2 + 6*i + n*i**2 - 3*i**2 + 2*i**2. Give v(-4).
-6
Let m(p) be the first derivative of p**3/3 + 6*p**2 + 36*p + 3461. Calculate m(-4).
4
Let k(j) = 2 + 43*j + 43*j - 3*j**2 - 85*j - j**3 + 0. What is k(2)?
-16
Suppose o - 4 + 0 = z, -o = 4*z - 19. Let m(a) = -1 - 4*a**2 + 0*a**2 - o*a + 5*a. Calculate m(-1).
-3
Suppose 6*o - 3*o = 4*b - 251, 2*b + 158 = -2*o. Let z = -76 - o. Let h(i) = 2*i**2 - i**2 - 4*i + 3*i - 2*i - 3. What is h(z)?
7
Let v be 2/12 - 35/(-42). Let u be (v + -5 - -3) + 4. Let y(z) = 20*z**3 + 11*z**2 - 5 + 14*z**3 - 5*z**2 - 33*z**u. Determine y(-6).
-5
Let b(r) = 4*r - 5. Let k(m) = -8*m + 11. Let p = 12 + -7. Let c(q) = -3*q + 42. Let s be c(13). Let x(j) = p*b(j) + s*k(j). Give x(6).
-16
Suppose 73*t = 63*t. Let f(w) be the third derivative of -w**4/24 - w**3/6 - 7*w**2. Give f(t).
-1
Let s(u) = -3*u**3 - 13*u**2 - 30*u + 63. Let b(z) = 11*z**3 + 37*z**2 + 84*z - 190. Let x(a) = -2*b(a) - 7*s(a). Calculate x(19).
15
Let a(w) be the first derivative of -1/3*w**3 + 5/2*w**2 + 8*w + 91. Calculate a(6).
2
Let h(n) be the first derivative of -n**4/4 - 19*n**3/3 - 17*n**2 - 18*n + 3558. Give h(-17).
-18
Let b(n) = -146*n + 12. Let c(z) = -47*z. Let i(q) = -2*b(q) + 6*c(q). Give i(11).
86
Let n be 3 + 25 + -2 + 6. Suppose -n*y = -27*y. Let m(s) = 2*s + 6. What is m(y)?
6
Let i(k) = 5*k + 40. Let t(x) = -4*x - 23. Let j(b) = 5*i(b) + 6*t(b). What is j(-31)?
31
Suppose -5*p - 6*l + 56 = -10*l, 5*p - l - 59 = 0. Let x(q) = q**3 - 11*q**2 - 10*q - 15. Calculate x(p).
9
Let p(y) be the first derivative of -y**4/4 - 11*y**3/3 - 9*y**2/2 - 2*y - 804. Calculate p(-9).
-83
Let a(n) be the second derivative of n**4/3 + n**3/3 + n**2/2 - 279*n. Let l(x) = -x - 11. Let f be l(-9). Determine a(f).
13
Let x(v) be the first derivative of v**4/4 + 7*v**3/3 - 2*v**2 - 39*v - 2566. Calculate x(-7).
-11
Let f(h) = 23*h**2 + 15*h**2 + 15 - 1 - 7 - 8. Determine f(-1).
37
Let s(q) = 4*q + 84. Let t = -9306 + 9288. Give s(t).
12
Let k(t) = -1 + t**2 - 2 + 2*t - 4*t. Let g be 3*(9/(-6))/(18/(-8)). Suppose -4*i - 5 = -g*o - 7*i, 7 = 2*o + i. What is k(o)?
5
Let o = 1 + 4. Let t(j) be the third derivative of -2/3*j**3 + j**2 + 0 - 1/12*j**4 + 0*j. Give t(o).
-14
Let l(b) = -b - 14. Let t(o) = -4*o - 56. Let f(j) = 9*l(j) - 2*t(j). Let y = -28 - -16. Let r be 69/y - 3/12. Determine f(r).
-8
Let c(v) = -v**2 - 19*v + 10. Let l be ((-668)/(-501))/((-2)/(-6)*(-4)/20). What is c(l)?
-10
Let i(g) = 2*g + 44. Let m be i(-22). Suppose 4*x = 2*o - 10, m*o - 49 = -5*o - 2*x. Let k(t) = -7 - 10*t + t**2 + o*t + 7*t + 0*t**2. Calculate k(-6).
-7
Let h(w) = w**3 + w**2 - 1. Suppose 2*n + 2*j = 6*j + 16, -n - 2*j + 8 = 0. Suppose -5*v = 15, -2*c + 68*v = 64*v - n. Determine h(c).
-5
Let q(o) = 55*o - 219. Let r be q(8). Let a = r - 223. Let p(y) = 6*y**2 + y + 1. Calculate p(a).
23
Let n(t) = -t**2 - 2*t + 3. Suppose 26 = 2*a + 4*c, 2*a - c - 1 = -0. Let g(f) = 9*f - 13*f**2 + a*f - f**3 + 7 - 14 - 25. Let x be g(-14). Determine n(x).
-5
Let t be (12/10)/((-12)/(-60)). Let z(d) = d**2 - 6*d + 7. Let k be z(t). Suppose -2*l - 27 = -3*q, 2*q - 3*l = -k*l + 2. Let p(r) = -r + 1. Give p(q).
-6
Let w(r) = -r**3 - 32*r**2 - 7*r - 16. Let g(m) = 3*m**3 + 91*m**2 + 20*m + 45. Let t(k) = -6*g(k) - 17*w(k). Determine t(-4).
38
Let q(l) = 4*l**3 + 5*l**2 - 55*l + 17. Let x(v) = 3*v**3 + 8*v**2 - 48*v + 17. Let u(p) = -4*q(p) + 5*x(p). Calculate u(19).
-2
Let f(o) = -102094*o + 11 + 102093*o - 14. Suppose 20 = -n + 5*i, -4*n + 9*i - 5 = 4*i. Suppose n*l - 18 = 2*l. Determine f(l).
-9
Let s(m) = -m**2 + 3*m - 11. Suppose 0 = -144*t + 216 + 360. Give s(t).
-15
Let o = -276 + 282. Let w(n) = n**2 + 2*n**3 + 3 + 10*n - 3 - 3. Let a(r) = r**3 + 5*r - 1. Let x(h) = o*w(h) - 13*a(h). Give x(5).
-5
Let w(v) be the second derivative of -13*v**3/6 + 95*v**2 - 19*v - 1. Let r be w(15). Let p(j) = -5*j - 12. Determine p(r).
13
Let m(l) = 4*l**3 + l**2 + 3*l + 2. Let z = -10647 + 10646. Calculate m(z).
-4
Let v(n) = -1 - 32*n - 41*n + 1 + 3 + 68*n. What is v(-1)?
8
Let b(y) = 60*y - 76*y - y**2 + 12*y - 3 - 4. Determine b(-4).
-7
Let d = -275 - -281. Let p(z) = -z**2 + 5*z + d*z - 5 + 17*z**2 + z**3 - 4*z**2. What is p(-11)?
-5
Let o(c) be the first derivative of -1/4*c**4 + 3*c**2 - 11*c - 7/3*c**3 - 1. Let k be (-5 + 1)*(-313 - -317) + 0 + 8. What is o(k)?
5
Let a(z) = -6 - 8 - 7 + 14059*z - 7029*z - 7031*z. Calculate a(-8).
-13
Let u = 38571 + -38565. Let w(n) = 221*n - 1318. Calculate w(u).
8
Let y = -19 + 13. Let c(n) = 2750 + 2*n - 1378 - 1365. Give c(y).
-5
Let h(l) = l**2 - 29*l + 70. Let x = 24278 + -24275. Calculate h(x).
-8
Let v = 45 + -41. Let o = v - 11. Let l(k) = -9 + 14 + 8*k + 3*k - 9*k. Give l(o).
-9
Let m(a) = 4*a - 30. Let c(r) = 6*r - 27. Let f(k) = -5*c(k) + 6*m(k). What is f(-8)?
3
Let g(q) = -2*q**3 - 13*q**2 + 41*q + 3. Let c(l) = -l**3 - 7*l**2 + 19*l + 2. Let a(d) = 13*c(d) - 6*g(d). Determine a(-13).
-5
Let x(d) = -97*d + 20. Let a(w) = 81*w - 19. Let h(f) = -6*a(f) - 5*x(f). Give h(6).
8
Let t(y) = 77*y**3 + 36*y**2 - 12*y + 36. Let d(z) = -13*z**3 - 2*z**2 - 2*z - 1. Let a(w) = 6*d(w) + t(w). Give a(23).
7
Let q(s) = -8*s + 274. Let o(l) = -69. Let z(y) = -3*o(y) - q(y). Determine z(10).
13
Suppose 0 = 3*k - 2*j - 37 - 48, 5*j + 50 = k. Let v(g) = g - 54 + 25 + k. Suppose -3 + 14 = -5*p + n, 0 = -p + n + 1. Give v(p).
-7
Let a(m) be the second derivative of -2/3*m**3 - 1/12*m**4 - 3 + 5/2*m**2 - m. Calculate a(-5).
0
Let x = -16687 - -16696. Let k(v) = 10*v - 48. Determine k(x).
42
Let l = 1 + 3. Let t(q) = -q - 454 + 454. Calculate t(l).
-4
Let v be 4/(-5) + 552/300*-5. Let t(r) = 3*r**2 + 13*r + 12. Let z(p) = p**2 + 4*p + 4. Let j(q) = -6*t(q) + 17*z(q). What is j(v)?
-4
Suppose -6 = -3*h - 27. Let j(o) be the second derivative of 11*o + 0 - 3*o**2 + 1/12*o**4 + 5/6*o**3. Give j(h).
8
Let a(h) 